{"id":20,"date":"2018-04-23T11:45:29","date_gmt":"2018-04-23T11:45:29","guid":{"rendered":"http:\/\/ampaseveroochoa.org\/?page_id=20"},"modified":"2021-10-21T16:23:37","modified_gmt":"2021-10-21T16:23:37","slug":"presentacion","status":"publish","type":"page","link":"https:\/\/ampaseveroochoa.org\/","title":{"rendered":"PRESENTACI\u00d3N"},"content":{"rendered":"<p style=\"text-align: left;\">Queridas familias<\/p>\n<p style=\"text-align: left;\">soy David Carrillo, presidente de la AMPA Severo Ochoa. El grupo de padres que forman la junta directiva de dicha asociaci\u00f3n y yo, queremos daros la bienvenida a este curso 2021-2022, un curso que empezamos con gran ilusi\u00f3n y numerosos proyectos.<\/p>\n<p style=\"text-align: left;\">Lo primero de todo, queremos daros las gracias por confiar en nosotros, muchas gracias por vuestra aportaci\u00f3n, ya que sin\u00a0 vosotros ning\u00fan proyecto ser\u00eda posible.<\/p>\n<p style=\"text-align: left;\">Tambi\u00e9n queremos animar a aquellos padres que a\u00fan no forman parte de esta AMPA, a que os afili\u00e9is a nuestra Asociaci\u00f3n, ya que cuantos m\u00e1s seamos mayores proyectos podremos llevar a cabo.<\/p>\n<p style=\"text-align: left;\">Pod\u00e9is encontrar toda la informaci\u00f3n necesaria de nuestra asociaci\u00f3n en nuestra web y en redes sociales.<br \/>Pod\u00e9is contactar con nosotros por estos mismos medios para cualquier duda o consulta. Estamos para echaros una mano a todos.<\/p>\n<p style=\"text-align: left;\">Muchas gracias.<\/p>\n<p style=\"text-align: right;\"><img loading=\"lazy\" decoding=\"async\" class=\"wp-image-3044 alignnone\" src=\"https:\/\/ampaseveroochoa.org\/wp-content\/uploads\/2021\/10\/WhatsApp-Image-2021-10-21-at-6.21.06-PM-300x245.jpeg\" alt=\"\" width=\"111\" height=\"91\" srcset=\"https:\/\/ampaseveroochoa.org\/wp-content\/uploads\/2021\/10\/WhatsApp-Image-2021-10-21-at-6.21.06-PM-300x245.jpeg 300w, https:\/\/ampaseveroochoa.org\/wp-content\/uploads\/2021\/10\/WhatsApp-Image-2021-10-21-at-6.21.06-PM-1024x836.jpeg 1024w, https:\/\/ampaseveroochoa.org\/wp-content\/uploads\/2021\/10\/WhatsApp-Image-2021-10-21-at-6.21.06-PM-768x627.jpeg 768w, https:\/\/ampaseveroochoa.org\/wp-content\/uploads\/2021\/10\/WhatsApp-Image-2021-10-21-at-6.21.06-PM.jpeg 1397w\" sizes=\"auto, (max-width: 111px) 100vw, 111px\" \/>\u00a0 \u00a0 David Carrillo<\/p>\n<p style=\"text-align: right;\">Presidente del AMPA Severo Ochoa.<\/p>\n<p style=\"text-align: right;\">\u00a0<\/p>\n\n\n<p class=\"wp-block-paragraph\"><\/p>\n","protected":false},"excerpt":{"rendered":"<p>Queridas familias soy David Carrillo, presidente de la AMPA Severo Ochoa. El grupo de padres que forman la junta directiva de dicha asociaci\u00f3n y yo, queremos daros la bienvenida a este curso 2021-2022, un curso que empezamos con gran ilusi\u00f3n y numerosos proyectos. Lo primero de todo, queremos daros las gracias por confiar en nosotros, &hellip; <\/p>\n<p class=\"link-more\"><a href=\"https:\/\/ampaseveroochoa.org\/\" class=\"more-link\">Continuar leyendo<span class=\"screen-reader-text\"> \u00abPRESENTACI\u00d3N\u00bb<\/span><\/a><\/p>\n","protected":false},"author":1,"featured_media":0,"parent":0,"menu_order":0,"comment_status":"closed","ping_status":"closed","template":"","meta":{"footnotes":""},"class_list":["post-20","page","type-page","status-publish","hentry"],"_links":{"self":[{"href":"https:\/\/ampaseveroochoa.org\/index.php?rest_route=\/wp\/v2\/pages\/20","targetHints":{"allow":["GET"]}}],"collection":[{"href":"https:\/\/ampaseveroochoa.org\/index.php?rest_route=\/wp\/v2\/pages"}],"about":[{"href":"https:\/\/ampaseveroochoa.org\/index.php?rest_route=\/wp\/v2\/types\/page"}],"author":[{"embeddable":true,"href":"https:\/\/ampaseveroochoa.org\/index.php?rest_route=\/wp\/v2\/users\/1"}],"replies":[{"embeddable":true,"href":"https:\/\/ampaseveroochoa.org\/index.php?rest_route=%2Fwp%2Fv2%2Fcomments&post=20"}],"version-history":[{"count":16,"href":"https:\/\/ampaseveroochoa.org\/index.php?rest_route=\/wp\/v2\/pages\/20\/revisions"}],"predecessor-version":[{"id":3046,"href":"https:\/\/ampaseveroochoa.org\/index.php?rest_route=\/wp\/v2\/pages\/20\/revisions\/3046"}],"wp:attachment":[{"href":"https:\/\/ampaseveroochoa.org\/index.php?rest_route=%2Fwp%2Fv2%2Fmedia&parent=20"}],"curies":[{"name":"wp","href":"https:\/\/api.w.org\/{rel}","templated":true}]}}

PRESENTACIÓN

<p style="text-align: left;">Queridas familias</p>
<p style="text-align: left;">soy David Carrillo, presidente de la AMPA Severo Ochoa. El grupo de padres que forman la junta directiva de dicha asociación y yo, queremos daros la bienvenida a este curso 2021-2022, un curso que empezamos con gran ilusión y numerosos proyectos.</p>
<p style="text-align: left;">Lo primero de todo, queremos daros las gracias por confiar en nosotros, muchas gracias por vuestra aportación, ya que sin  vosotros ningún proyecto sería posible.</p>
<p style="text-align: left;">También queremos animar a aquellos padres que aún no forman parte de esta AMPA, a que os afiliéis a nuestra Asociación, ya que cuantos más seamos mayores proyectos podremos llevar a cabo.</p>
<p style="text-align: left;">Podéis encontrar toda la información necesaria de nuestra asociación en nuestra web y en redes sociales.<br />Podéis contactar con nosotros por estos mismos medios para cualquier duda o consulta. Estamos para echaros una mano a todos.</p>
<p style="text-align: left;">Muchas gracias.</p>
<p style="text-align: right;"><img loading="lazy" decoding="async" class="wp-image-3044 alignnone" src="https://ampaseveroochoa.org/wp-content/uploads/2021/10/WhatsApp-Image-2021-10-21-at-6.21.06-PM-300x245.jpeg" alt="" width="111" height="91" srcset="https://ampaseveroochoa.org/wp-content/uploads/2021/10/WhatsApp-Image-2021-10-21-at-6.21.06-PM-300x245.jpeg 300w, https://ampaseveroochoa.org/wp-content/uploads/2021/10/WhatsApp-Image-2021-10-21-at-6.21.06-PM-1024x836.jpeg 1024w, https://ampaseveroochoa.org/wp-content/uploads/2021/10/WhatsApp-Image-2021-10-21-at-6.21.06-PM-768x627.jpeg 768w, https://ampaseveroochoa.org/wp-content/uploads/2021/10/WhatsApp-Image-2021-10-21-at-6.21.06-PM.jpeg 1397w" sizes="auto, (max-width: 111px) 100vw, 111px" />    David Carrillo</p>
<p style="text-align: right;">Presidente del AMPA Severo Ochoa.</p>
<p style="text-align: right;"> </p>


<p class="wp-block-paragraph"></p>

<p>Queridas familias soy David Carrillo, presidente de la AMPA Severo Ochoa. El grupo de padres que forman la junta directiva de dicha asociación y yo, queremos daros la bienvenida a este curso 2021-2022, un curso que empezamos con gran ilusión y numerosos proyectos. Lo primero de todo, queremos daros las gracias por confiar en nosotros, &hellip; </p>
<p class="link-more"><a href="https://ampaseveroochoa.org/" class="more-link">Continuar leyendo<span class="screen-reader-text"> «PRESENTACIÓN»</span></a></p>
